Give s(h).
15
Let r(z) = 13 - 47 + 3972*z - 3967*z + 9. Calculate r(-7).
-60
Suppose 0 = 6*x + 416 - 410. Let d(q) = -q**2 - 6*q - 5. Let v(w) = -w - 1. Let l(u) = d(u) - 3*v(u). Determine l(x).
0
Suppose 0 = 5*v + 20*v. Let u(s) = -39 + s**2 + 41 + v*s**2 - 19*s + 6*s. What is u(6)?
-40
Let d be 4/(-5 + -3)*(-1 - (18 + -1)). Let t(u) = 2*u**2 - 2*u - 142. Give t(d).
2
Let b(v) = -v**3 + 7*v**2 - v + 8. Suppose 0 = -7*i + 38 - 17. Suppose -37 = -5*m + 2*r, -i*m - r = 2*m - 34. Give b(m).
1
Let f(s) be the third derivative of -s**6/120 - s**5/12 + s**4/2 + 9*s**3 - 11*s**2 - 6*s + 2. Give f(-6).
18
Let r be (600/(-32))/25 + 1. Let u(q) be the first derivative of 9 + 7/2*q**2 - 2*q**3 - r*q**4 + 7*q. Determine u(-7).
7
Let w(t) = -2*t**2 + 6*t - 16. Let g(i) = 5*i**2 - 13*i + 35. Let q(j) = -6*g(j) - 13*w(j). Calculate q(2).
-18
Let o(q) = -11 + 7*q + 1 - 17*q**2 + 18*q**2. Suppose -4*m + 96 = -11*j, 2*j + 20 = -39*m + 41*m. Calculate o(j).
-2
Let v = 25 - 30. Let o(t) = -t**3 - 7*t**2 - 3*t + 3. Give o(v).
-32
Let v be 1/((-172)/(-612) + 2/(-9)). Let i(j) = 12*j**2 + j**3 - v - 2*j - 7*j - 2*j - 5*j**2. What is i(-8)?
7
Let v(t) = 2*t + 3. Let q(c) be the first derivative of c**2/2 + 11*c - 115. Let d be q(-17). Give v(d).
-9
Suppose 2*a = -2*y - 10, -2*y + 0*y = -4*a - 50. Let q(d) = -d**3 - 10*d**2 + 3*d + 29. Let z be q(a). Let t(h) = -7*h. Determine t(z).
7
Suppose 0 = 4*w + 4*t - 12, 9*w = 14*w - t - 33. Let k(i) = 4*i**3 - 104*i - 100*i + 203*i - 3*i**3 + w + 5*i**2. Determine k(-5).
11
Let u(y) = y**2 - y - 12. Let g be (-10)/(-2) + (-55)/22*2. Calculate u(g).
-12
Suppose 5*k + 2*h - 117 = 3*h, 3*k - 4*h - 60 = 0. Let s(o) = 3*o - 7 - 2*o + k. Let x = -5662 - -5653. Give s(x).
8
Let z(k) = k**2 - 304*k - 10016. Let x be z(-30). Let c(b) = 0*b**2 + 6 + 4 - 5*b + 4*b**2 - 3*b**2. What is c(x)?
6
Let v(b) = 4*b**3 - 10*b**2 - 3*b + 6. Let o(k) = -9*k**3 - 105*k**2 + 33*k - 33. Let y be o(-12). Calculate v(y).
15
Let v(m) be the second derivative of 11*m**5/10 + m**4/12 + m**3/6 - m**2/2 - 1482*m. Determine v(1).
23
Let s(w) = 3206*w + 6411. Let f be s(-2). Let i(o) = 123*o + 3. Determine i(f).
-120
Let w be 66/(-55)*(-1 - (-6)/(-4)). Suppose 4*q - 4*v - 116 = -128, w*v + 6 = -2*q. Let f(s) = -2*s**2 + 5*s**2 + 2 + 4*s - 2*s**2. Calculate f(q).
-1
Let g(n) = -2*n + 7. Let h(z) = 11 + 29 - 7*z + 23 - 49. Let j be h(1). Determine g(j).
-7
Let f(g) = -549*g - 137. Let p(x) = 359*x + 137. Let k(u) = -2*f(u) - 3*p(u). Calculate k(7).
10
Let z(p) = -3 + 4*p**2 - 4*p - 31*p**2 - 7*p - 5 + 26*p**2. Determine z(-11).
-8
Let d(h) = 71*h + 429. Let q = 10488 + -10494. What is d(q)?
3
Let w(b) = -3*b**2 - 1. Let v(t) = t**2 + t + 1. Let y(z) = -v(z) - w(z). Let f(i) = i**3 + 12*i**2 + 10*i - 14. Let u be f(-11). Give y(u).
21
Let b = -529 - -535. Let t(j) = -j**2. Let w = -7 - -8. Let a(v) = -3*v**2 + 6*v - 1. Let i(s) = w*a(s) - 2*t(s). Calculate i(b).
-1
Let q(c) = 18*c + 21. Let x(f) = 32*f + 40. Let s(l) = 9*q(l) - 5*x(l). Determine s(-4).
-19
Let y(t) = 10069*t - 29 + 10036*t - 20097*t. What is y(-7)?
-85
Let m(i) = -i**2 - 7*i + 11. Let g(o) = 7*o - 149. Let l(q) = q**3 + 10*q**2 + 9*q - 36. Let x be l(-8). Let k be g(x). Calculate m(k).
-7
Let u(r) = -r**2 + 6*r - 13. Suppose 38*d - 40*d = 17*d. Determine u(d).
-13
Let v(i) be the second derivative of 5*i**3/6 - 29*i**2 - 316*i + 1. Calculate v(12).
2
Let z(l) = 2*l**3 + 13*l**2 + 12*l - 9. Let n be z(-5). Let o(c) = -c**2 + 8*c + 7. Determine o(n).
19
Let d(k) = 8*k + 17. Let h be d(-11). Let c = 64 + h. Let n(y) = -14*y**2 + y + 9. Let q(u) = 5*u**2 - 3. Let a(z) = -6*n(z) - 17*q(z). Determine a(c).
-10
Let v(q) be the first derivative of q**3/3 + 5*q**2/2 - 2*q - 44. Suppose 5*z - 20 = 15. Suppose -z = 4*s + 17. Give v(s).
4
Suppose 0 = 495*w - 498*w - 24. Let x be ((w/(-6))/(-4))/(25/(-150)). Let h(l) = -l**3 - 2*l**2 - 3*l + 3. Give h(x).
-19
Let h(c) = -c**2 + 5*c + 2. Let q(y) = 46*y + 20. Let b be q(7). Suppose z + b = 346. What is h(z)?
6
Let t(n) be the third derivative of -1/24*n**4 + 0 - 5/3*n**3 + 22*n**2 + 0*n. Suppose -2*s + 9 = 21. Give t(s).
-4
Let n(x) = 8*x + 3. Let t(w) = -17*w - 6. Let z(s) = 13*n(s) + 6*t(s). Let m be z(8). Suppose m*j = 15*j. Let p(y) = -y + 13. Determine p(j).
13
Let z = 5260 - 5267. Let l(g) = -g**3 - 9*g**2 - 11*g + 20. What is l(z)?
-1
Let v(s) = s**2 - 11*s - 10. Let z be v(8). Let b = z - -24. Let n(h) = 2*h + 26. Let u be n(b). Let a(x) = x**3 - 6*x**2 + 7. Give a(u).
7
Let n(t) be the first derivative of -80 + t - 2*t**3 + 1/4*t**4 + 3/2*t**2. Give n(5).
-9
Let r(a) be the third derivative of -7/24*a**4 + 121*a**2 + 0 + 0*a + a**3. Determine r(5).
-29
Suppose 0 = 2*i + 42 - 48. Let w(u) = 2 + u**i + 13*u - 6*u**2 + 11*u - 21*u - 9. What is w(6)?
11
Let r = 2 + -1. Suppose 6*m - 3 = 27. Let n(a) = 4*a**2 + 5*a + 7. Let k(w) = 6*w**2 + 8*w + 11. Let b(y) = m*k(y) - 8*n(y). What is b(r)?
-3
Let o(l) be the third derivative of -l**6/120 - 4*l**5/15 - 2*l**4 - 7*l**3/6 + 2006*l**2. Determine o(-12).
-7
Let k = 320 - 10. Suppose k = -18*d + 8*d. Let s = -36 - d. Let r(j) = -j**3 - 4*j**2 + 3*j - 5. Determine r(s).
5
Let q(r) = -r**3 - 4*r**2 - 7*r. Suppose -17*v = 214 - 146. Determine q(v).
28
Let k(w) = 12*w + 119. Let f be k(-5). Let o(u) = 32*u + 2. Let a be o(-2). Let r = a + f. Let g(x) = x**2 + 3*x - 1. Give g(r).
-1
Let v(q) = -9*q**2 - 43 - 5*q + 8*q**2 + 44. Let g be v(-4). Let r(z) = 1 - g + 13*z - 11*z + 0*z. Give r(-4).
-12
Let b(i) be the second derivative of i**5/20 - 5*i**4/12 + 5*i**3/6 + i**2/2 + 57*i. Suppose 6 = 3*c, -3*c + 6 = -4*v + 16. Give b(v).
5
Let o(c) = 38*c - 36*c + 2*c + 14 - 11*c - 9*c. What is o(5)?
-66
Suppose -2*w - 4*h = 18, 0 = -4*w - h + 3*h + 14. Let n(i) = 2*i + w - i**3 + 4 + 2*i - 3*i**2. Let t be ((-14)/28)/(3/6)*(-28)/(-7). Determine n(t).
5
Let u be 4*(-8 + 170/20). Let a(i) = 5*i + 5*i + 2*i**2 + 2 - 4*i - i**u. Suppose -3*f + j - 21 = 0, 6*f + 7 = 5*f - 5*j. Calculate a(f).
9
Let m(d) = -d**2 + 6*d - 7. Let i = 12 - -33. Let s = i + -54. Let f be (s/1 + 2)*-1. Give m(f).
-14
Let i(h) = h**3 + 10*h**2 - 13*h - 1. Suppose 3*g - g + 2*j = 0, 2*g + 1 = -j. Let x be (5 - 8/6)/(g/3). Give i(x).
21
Let s(m) = 7 - 11 + 3*m**2 - 44*m**2 - m + 5 - 3. Determine s(1).
-44
Let o(t) = t**2 - 7*t + 7. Let f = 57 - -1. Suppose f - 28 = 6*b. What is o(b)?
-3
Let u(j) = -j**3 - 32*j**2 + 2*j + 65. Suppose 0 = 101*a - 1141 + 1142 + 3231. Determine u(a).
1
Let l(t) = -t + 1. Let d be (-2 + 25/10)*8. Suppose 5*g - 71 = d*g. Let m = g + -69. Determine l(m).
-1
Let v(u) be the second derivative of -u**5/20 - 3*u**4/4 - 11*u**3/6 - 2*u**2 + 4*u. Let l(f) = -f. Let h(w) = -l(w) + v(w). Calculate h(-8).
12
Suppose 549 = -16*c - 299. Let g be 2/3 - 155/3. Let p = g - c. Let i(y) = y**3 - 3*y**2 + 2*y - 3. What is i(p)?
-3
Let g(s) = -4*s**2 - 4*s - 8. Let c(j) = 34*j**2 + 10 + 3*j + 42*j**2 - 71*j**2. Let d(w) = 3*c(w) + 4*g(w). What is d(-5)?
8
Let h(g) be the second derivative of 5*g**3/6 + 37*g**2/2 + 947*g. Determine h(-7).
2
Let y(g) = g**2 + 4*g - 7. Suppose 7*r - 14 = v + 2*r, -4*v - 4*r + 40 = 0. Let z be (-169)/26 + v/4. What is y(z)?
-2
Let y(s) = 2*s**3 + 3*s**2 + 3. Let a(f) = 5*f**2 - 11*f - 246. Let d be a(-6). Calculate y(d).
3
Let i(g) be the third derivative of 7/2*g**3 + 0*g + 6 - 9*g**2 + 1/120*g**6 + 5/8*g**4 - 17/60*g**5. What is i(16)?
5
Let a(j) = 3*j + 27. Let o be a(-8). Let z be ((4/o)/2)/((-9)/54). Let f(p) = -p - 4. Calculate f(z).
0
Let z(g) = -g + 3. Let p(i) = -2*i**3 - 2*i**2 - i - 1. Let w be p(-3). Let m = 47 - w. What is z(m)?
-6
Let i = -5815 - -5804. Let p(z) = z**2 + 11*z + 7. Determine p(i).
7
Suppose -18*j - 7*j = -125. Suppose -4*k + 9 = j*h, 3*k = 7*h - 4*h. Let m(l) = 7*l**2 + 2*l - 1. Determine m(k).
8
Let d(o) = o**2 - 38*o + 106. Suppose -227*n - 35 = -228*n + 4*j, 4*n - 2*j = 140. What is d(n)?
1
Let g(b) be the first derivative of -b**4/4 - 5*b**3/3 + b**2 + 3*b + 70. Suppose 0 = -2*f + 3*p + 21, -2*f - f + 40 = 4*p. Let o be 8/f*(-30)/4. Give g(o).
-7
Suppose -5*x - 35 = 5*j, -2*j - 19 + 5 = -2*x. Let c(k) = 15*k**2 - 2*k. Let l(v) = 182*v**2 - 11*v - 4. Let h(z) = 12*c(z) - l(z). What is h(j)?
-3
Let x(t) be the second derivative of 2 - 40*t - 13*t - t**3 - t**2 + 20*t. Calculate x(